ivisor of 776 and 3092704?
8
What is the greatest common divisor of 383983890 and 846?
282
What is the highest common factor of 137081690 and 1240?
310
What is the highest common divisor of 2720 and 29728070?
170
Calculate the highest common factor of 791332 and 68.
4
Calculate the greatest common factor of 4067 and 499849.
49
What is the highest common divisor of 39 and 197369107?
13
Calculate the highest common factor of 1014228 and 216.
108
Calculate the highest common factor of 12 and 266511060.
12
What is the greatest common divisor of 11055013 and 12745?
2549
What is the highest common factor of 2191 and 40864654?
313
What is the greatest common divisor of 12712 and 27209128?
1816
What is the highest common factor of 430 and 32013070?
430
Calculate the highest common factor of 11826 and 1077334.
146
Calculate the highest common factor of 18043 and 313.
1
Calculate the greatest common factor of 22 and 713531357.
11
Calculate the highest common divisor of 51268431 and 5385.
1077
Calculate the greatest common divisor of 26311464 and 128.
8
What is the greatest common factor of 8158752 and 40608?
864
What is the highest common factor of 46872 and 24988824?
1512
Calculate the greatest common factor of 3671681 and 1378.
689
Calculate the greatest common factor of 431237 and 22.
1
Calculate the highest common divisor of 43632 and 114332.
404
Calculate the highest common divisor of 18 and 124326816.
6
What is the greatest common factor of 552218 and 153149?
29
Calculate the highest common divisor of 890528 and 71264.
544
Calculate the highest common divisor of 503616 and 34752.
192
What is the greatest common factor of 6988947 and 438?
219
Calculate the greatest common factor of 12090 and 8939346.
2418
What is the greatest common factor of 3049 and 504490589?
3049
What is the highest common factor of 1572 and 299938386?
786
What is the highest common factor of 2904532412 and 148?
148
Calculate the greatest common divisor of 1132 and 52467068.
1132
Calculate the greatest common factor of 119260831 and 17.
17
Calculate the highest common factor of 87 and 87946647.
87
What is the highest common divisor of 94 and 86758757?
47
Calculate the highest common divisor of 121449545 and 63.
7
What is the greatest common divisor of 2317 and 50848?
7
What is the greatest common factor of 259675 and 152139?
611
Calculate the greatest common factor of 3573720 and 193320.
1080
What is the greatest common divisor of 2611428 and 1104?
12
Calculate the highest common factor of 9037945 and 10150.
35
Calculate the highest common divisor of 29 and 44357.
1
Calculate the greatest common divisor of 24 and 344819928.
24
What is the greatest common divisor of 56172 and 3926604?
1812
What is the greatest common factor of 160611957 and 81?
27
What is the greatest common factor of 36680 and 9797228?
3668
What is the highest common factor of 678111215 and 85?
85
What is the greatest common divisor of 4662005 and 1970?
985
Calculate the greatest common divisor of 138 and 5428626.
6
Calculate the highest common factor of 39034285 and 35.
5
Calculate the greatest common factor of 1380054 and 624.
78
What is the greatest common factor of 2424 and 846606?
6
What is the greatest common divisor of 384 and 1285408?
32
Calculate the greatest common divisor of 597116358 and 279.
279
What is the highest common factor of 730 and 112094055?
365
Calculate the highest common divisor of 34906697 and 7.
7
What is the greatest common factor of 100009 and 13466518?
2041
Calculate the greatest common factor of 3046 and 1528.
2
Calculate the highest common divisor of 66 and 167762.
2
Calculate the highest common divisor of 4313247014 and 362.
362
What is the greatest common factor of 15043 and 826751?
307
Calculate the greatest common factor of 677101 and 10997.
1571
What is the greatest common divisor of 30 and 76578060?
30
What is the greatest common divisor of 36 and 39555732?
12
Calculate the highest common divisor of 52 and 7627243.
13
What is the highest common factor of 7095066 and 2?
2
Calculate the greatest common factor of 6527708 and 5808.
484
What is the highest common factor of 648 and 192663846?
162
What is the highest common factor of 1368268239 and 442?
221
Calculate the highest common factor of 897 and 28161453.
69
What is the highest common divisor of 31940 and 1660?
20
What is the greatest common factor of 996 and 4812506?
166
What is the highest common factor of 594 and 13980626?
22
Calculate the greatest common divisor of 3014572 and 362439.
5753
What is the highest common divisor of 106138613 and 7?
7
Calculate the greatest common factor of 147066 and 4728972.
762
Calculate the greatest common factor of 11455506 and 162.
162
Calculate the greatest common divisor of 609168 and 925.
37
Calculate the greatest common factor of 95 and 255566815.
95
What is the highest common divisor of 2 and 18343052?
2
Calculate the greatest common factor of 8930 and 15180530.
470
Calculate the greatest common factor of 1395 and 972346.
31
What is the highest common divisor of 22992 and 516072?
24
Calculate the highest common divisor of 1407863 and 129.
43
Calculate the greatest common divisor of 389204 and 236.
4
Calculate the greatest common divisor of 526836161 and 57.
19
Calculate the greatest common factor of 847017963 and 954.
477
What is the highest common factor of 1572850 and 120682?
166
What is the greatest common divisor of 2399892 and 10956?
132
What is the greatest common divisor of 2114 and 3386138?
14
Calculate the greatest common divisor of 50170 and 14130.
10
What is the highest common factor of 3915650 and 172246?
142
Calculate the highest common divisor of 51714 and 1123317.
117
What is the greatest common divisor of 116501 and 877807?
623
Calculate the greatest common divisor of 1428 and 573468.
84
What is the highest common divisor of 55388 and 68320?
244
Calculate the greatest common divisor of 65961 and 16729664.
2443
What is the highest common factor of 137640 and 90675?
465
Calculate the greatest common factor of 15200 and 446880.
3040
What is the greatest common divisor of 20 and 55776228?
4
Calculate the greatest common factor of 1648607 and 353729.
1277
Calculate the highest common divisor of 1117564 and 10332.
28
Calculate the highest common divisor of 399257 and 4968.
23
Calculate the highest common factor of 2106775 and 611.
47
What is the highest common factor of 4844055 and 13?
1
What is the highest common factor of 4816 and 290780?
28
Calculate the highest common divisor of 207306495 and 440.
55
Calculate the greatest common factor of 1276 and 70554.
22
Calculate the greatest common divisor of 4 and 311527816.
4
What is the greatest common divisor of 2 and 545488374?
2
Calculate the greatest common divisor of 778911 and 812.
203
What is the highest common divisor of 35903 and 822647?
1561
What is the greatest common factor of 1426 and 31746325?
713
What is the greatest common factor of 98 and 1071760634?
98
What is the greatest common factor of 2048 and 3214592?
256
What is the greatest common divisor of 48462960 and 1120?
560
Calculate the highest common factor of 737035 and 435435.
1885
What is the greatest common factor of 8740840 and 320?
40
Calculate the highest common factor of 4427 and 15547206.
19
Calculate the greatest common divisor of 5934 and 1726278.
258
Calculate the greatest common divisor of 66406536 and 96.
24
Calculate the highest common factor of 5372601 and 204852.
1191
Calculate the highest common divisor of 107 and 433590643.
107
What is the highest common divisor of 881864 and 264?
8
Calculate the greatest common factor of 390 and 1731840.
30
What is the highest common divisor of 282154 and 181334?
142
Calculate the greatest common factor of 1184 and 41500384.
1184
Calculate the greatest common factor of 547105671 and 21.
21
What is the highest common divisor of 1993271 and 77?
7
What is the greatest common divisor of 72198 and 153531?
63
Calculate the greatest common factor of 32698980 and 1278.
18
Calculate the highest common factor of 217 and 35763.
7
Calculate the greatest common divisor of 31527703 and 3.
1
Calculate the highest common factor of 2325 and 125023.
31
What is the highest common factor of 176 and 5407984?
16
Calculat